 Let l(m) = -2*m**3 - 8*m**2 + 8*m - 2. Let k(g) = l(g) - 3*y(g). What is the units digit of k(10)?
1
Let d = 12 + -7. Suppose -2*q = -5*w - 13, -2*w = d*q - w - 100. What is the units digit of q?
9
Let a(t) = 3*t - 4. Let w be a(3). Suppose -22 - 128 = -w*z. What is the units digit of 3/(-5) - (-288)/z?
9
Let c = 26 - 26. Suppose 3*k + 3*d - 33 = c, -3*k - d = k - 59. What is the units digit of k?
6
Let z = -33 - -48. Suppose -6*l + l + z = 0. Suppose -l = -5*u + 2*u. What is the units digit of u?
1
Let s(b) = b**2 + 5*b + 1. Let d be s(-9). What is the units digit of d/(-3 - -4) + -3?
4
Suppose -2*p + 0*p = -10. Let n(g) = -g**3 - 5*g**2 + 3*g + 2. Let y(o) = o**3 + 5*o**2 - 4*o - 3. Let f(d) = p*y(d) + 4*n(d). What is the units digit of f(-6)?
5
Let f(j) = -j**3 + j**2 + j + 2. Let u be f(2). Let m(d) = -1 + 2*d + u*d - 3*d. What is the units digit of m(-4)?
3
Suppose 2*r = -2*r. Let l be (-1 + r)/(1/(-34)). Let h = l - 20. What is the tens digit of h?
1
Let i(j) = 2*j**3 + 14*j**2 - 27*j - 31. Let q(h) = -h**3 - 7*h**2 + 13*h + 15. Let x(l) = 4*i(l) + 9*q(l). What is the units digit of x(-8)?
3
Let z = -4 - -7. Suppose z*t = 2*t + 55. What is the tens digit of t?
5
Let s = 10 - -23. What is the tens digit of s?
3
Let l(n) = -n**2 + 5*n - 1. Let w be l(4). What is the units digit of (-3)/w*(-5 - -4)?
1
Let s = 14 + -10. Suppose -39 = -s*w + 9. What is the tens digit of w?
1
Suppose -a + 5*w + 78 = 0, -w - 1 - 3 = 0. What is the units digit of a?
8
Let w be (-1)/4 + (-18)/24. What is the units digit of 0 - 10*1*w?
0
Let q = 9 + 1. What is the units digit of q?
0
Suppose -5*a + 21 + 14 = 0. What is the units digit of a?
7
Let s(x) = -2*x**3 - 4*x**2 + 7*x + 13. What is the units digit of s(-4)?
9
Suppose 2*p - 36 = 4*j, 4*p - 45 = -j - 0*j. What is the units digit of p?
2
Let z = -5 - -27. What is the units digit of z?
2
Suppose 0 = -4*g - 4*s + 76, g + g = -s + 33. What is the units digit of g?
4
Let r(j) = -2*j - 3. Let l be r(-2). Let k = l - -7. What is the units digit of k?
8
Suppose -2*i + 3*i - 51 = -2*q, -2*i = -4*q + 106. What is the tens digit of q?
2
Let h be 7 + (-1)/(-2)*4. Let y(x) = x**2 - 7*x + 13. What is the tens digit of y(h)?
3
Let u = 35 - 18. What is the units digit of u?
7
Suppose -2*y + 0*y + 17 = 3*k, 2*k + 19 = y. Suppose f + y - 32 = 0. What is the tens digit of f?
1
Let h(t) = -t + 12. Let n be h(10). Suppose 5*j = n*j + 165. What is the units digit of j?
5
Suppose 3*y = -5*r - 15, -2 = y + 3. What is the units digit of 1 - (1*-38 + r)?
9
Let m = 22 + 393. What is the units digit of m?
5
Suppose 0*l - b = 3*l + 2, 3*l - 8 = 4*b. Let y(x) = -x**3 + x + 40. What is the tens digit of y(l)?
4
What is the units digit of 6 + -4 - -12*5?
2
Let w be ((-4)/(-6))/((-2)/(-3)). Let x be -2 + 0 + w - -12. Let y = 20 - x. What is the units digit of y?
9
Let j be -3*-1*30/(-2). Let k = 68 + j. What is the tens digit of k?
2
Let a be (-1 - 0) + 3*8. Let d = a + -12. What is the units digit of d?
1
Suppose 0 = -2*t + 4*x - x - 15, -3*t - 2*x = 16. Let u = t + 14. What is the units digit of u?
8
Let c be (-26)/(-3) + 3/9. Let r = 3 - c. What is the units digit of (-2)/4 - 33/r?
5
Let h(f) = -2*f + 8. Let n be h(-6). Let a be (-2 - -5)*(-10)/(-6). Suppose 2*o - 15 = -a*c + n, -o - 5*c = -30. What is the units digit of o?
5
What is the tens digit of ((-6)/4)/(4/(-104))?
3
Suppose 10 = 2*l + 2*s, 3*s = 2*l - 7*l + 27. What is the units digit of l/4*252/27?
4
Let n = 10 + 5. Suppose 4*f = -7*i + 4*i + 2, 5*f - 4*i - 18 = 0. Suppose f*v - n - 5 = 0. What is the units digit of v?
0
Let t = 24 + -12. What is the tens digit of t?
1
Let g(i) = 2*i**3 - 2*i**2 - 3*i + 3. Suppose 3*d = 2*d - 4*v + 6, -d + 5*v - 3 = 0. What is the units digit of g(d)?
5
Let w = -20 + 96. What is the tens digit of w?
7
Let i be ((-50)/(-5))/(0 + -1). What is the tens digit of (-104)/i - 18/(-30)?
1
Let w(k) = 17*k**2 - k - 2. What is the tens digit of w(-1)?
1
Let w(s) = 2*s. Let g be w(6). What is the units digit of 6/g + 22/4?
6
Let u(g) = 4*g - 1 + g + 2. Let y be (-24)/(-9) + 1/3. What is the tens digit of u(y)?
1
Let j(i) = i - 4. Let v be j(10). Let o = v - 5. What is the units digit of o?
1
Let k(d) = d**3 - 5*d - 6. Let a be k(5). Let g = 138 - a. What is the units digit of g?
4
Let j(r) = r**3 + r**2 - r - 20. Let g be j(0). Let q = 15 - g. Suppose 4*h - q = -h. What is the units digit of h?
7
Let f(c) = 47*c**3 + 11*c**2 - 5*c - 3. Let n(w) = 16*w**3 + 4*w**2 - 2*w - 1. Let p = -5 + -3. Let i(k) = p*n(k) + 3*f(k). What is the tens digit of i(1)?
1
Let v(u) = u**2 + 7*u - 2. Suppose -4*s + 0*s + 3*y = 36, 4*y = 3*s + 34. Let t be v(s). Let z(w) = w**2 + 8*w + 5. What is the units digit of z(t)?
5
Let u(q) be the second derivative of q**4/12 + q**3 + q**2/2 - q. Let y be u(-6). What is the units digit of 4/(4/3) + y?
4
Let o(p) = 9*p**2 - 2*p - 1. Let y be o(-2). Suppose -4*d + 85 = -3*q, 5*q + y = 2*d - 0. What is the units digit of d?
2
Suppose -r = 0, -4*t - 3 = 3*r - 11. Let x(p) = 1 + 0 - 2 - 2*p + t. What is the tens digit of x(-7)?
1
Suppose -c + 206 = -5*z, 5*z - 1090 = -3*c - 2*c. What is the units digit of c?
6
Let p = 537 - 327. What is the units digit of (-6)/(-10) - p/(-25)?
9
Let i(m) = 19*m**2 + 7*m - 16. What is the hundreds digit of i(4)?
3
What is the tens digit of (26 - 1) + (-5 - -3)?
2
Suppose 0 = -t + 2*t + 8. Let d = 13 + t. What is the units digit of d?
5
Suppose 3*x - 329 + 56 = 0. What is the tens digit of x?
9
Suppose u - 19 = -5*p, -2*u - 4 + 2 = 0. Suppose p = 2*r + 2. Let i = r - 0. What is the units digit of i?
1
Let f be ((-6)/(-3))/(-2)*-13. Let l = -23 + f. What is the units digit of (-2)/(((-8)/l)/(-2))?
5
Let q = 25 + -38. Suppose 0 = -3*f - 91 + 28. Let y = q - f. What is the units digit of y?
8
Suppose 1 = 2*a + p, -4*p + p = -4*a + 27. Let i = 7 - a. Suppose -2*o + 5*o - 67 = -5*y, -2*y = -i*o - 6. What is the units digit of y?
1
Let c(t) = t**3 - 9*t**2 + 7*t + 10. Let w(r) = r**2 + 4*r - 4. Let p be w(-6). What is the units digit of c(p)?
2
Suppose -6*v + v = -20. Let w = v - -1. What is the units digit of w + 0/2 + 1?
6
Let d(c) = c**2 + 2*c. Let k(q) = -q**3 - 11*q**2 + q + 6. Let s be k(-11). What is the units digit of d(s)?
5
Suppose 18 = 2*x + 2. Suppose -5*h - x + 38 = 0. What is the units digit of h?
6
Let o(h) = -h**3 - 4*h**2 - 4*h - 3. Let a be o(-3). Suppose -k + a = -8. What is the units digit of k?
8
Suppose 2*z + 2*z = 0. Suppose -a = -5*t - z + 2, -2*t - 20 = -2*a. What is the units digit of a?
3
Let w(u) = 130*u**3 + 3*u - 4. What is the hundreds digit of w(1)?
1
Let a(y) = 7*y**3 - 4*y**2 - 8*y - 7. Let k(z) = z**3 - z**2 - z - 1. Let j(i) = -a(i) + 6*k(i). What is the units digit of j(-3)?
4
Let w be -1 - (-1 - 0)*-3. Suppose -15*x = -10*x - 5. Let j = x - w. What is the units digit of j?
5
Suppose l = -3*l + 8. Suppose 4*v - 5*j = 2 + 6, l*j = 0. Let y = v - -10. What is the tens digit of y?
1
Suppose -2*n + 58 = 16. What is the units digit of n?
1
Let h = 27 + -6. Let a(v) = -v**3 - 4*v**2 + 4*v + 7. Let i be a(-5). Suppose 0 = 3*j - i, 0 = 3*r - 4*r - 4*j + h. What is the units digit of r?
5
Suppose -3*j + 7*j - 12 = 0. What is the units digit of 37 + (j/1 - 6)?
4
Suppose 0 = 3*l - 2*l - 46. Suppose -4*s = 2*u - l, 10*u - 3*s - 89 = 5*u. What is the tens digit of u?
1
Let k(x) = 11*x**2 + 3*x + 11. Let d(u) = -5*u**2 - u - 5. Let f(t) = -9*d(t) - 4*k(t). Let w be f(4). Suppose w*s = 41 + 44. What is the units digit of s?
7
Let i = -1 - -24. What is the tens digit of i?
2
Suppose -2*s + 2*a - 2 = 0, 0 = -4*s - a + 6. Let g be (-1 - s)*(2 + -3). Suppose -3*f - q = g*q - 33, -f = -4*q - 16. What is the units digit of f?
2
Let h(n) = -n + 21. Let b(u) = 2*u - 21. Let j(q) = 2*b(q) + 3*h(q). What is the units digit of j(-10)?
1
Suppose -4*h = 0, 4*a + 2*h + 3*h - 20 = 0. Suppose a*l - 12 = 2*l. What is the units digit of l?
4
Let p = 61 + -30. Suppose p = 2*m + 2*f - f, -m + 3 = -2*f. Suppose m = 3*i - 5. What is the units digit of i?
6
Let o(c) be the second derivative of -c**7/2520 - c**6/240 + c**5/60 + c**4/12 + c. Let z(p) be the third derivative of o(p). What is the units digit of z(-3)?
2
Let d be 1/2*(-68)/(-2). Suppose q - 5 = -2*a + d, 4*q = 5*a + 62. Suppose -6 = -2*g, -3*c = -2*g -